{"id":2815,"date":"2018-08-30T12:52:48","date_gmt":"2018-08-30T09:52:48","guid":{"rendered":"https:\/\/www.reiniku.edu.ee\/?page_id=2815"},"modified":"2025-10-13T11:25:04","modified_gmt":"2025-10-13T08:25:04","slug":"kiva","status":"publish","type":"page","link":"https:\/\/www.reiniku.edu.ee\/index.php\/kiva\/","title":{"rendered":"KiVa"},"content":{"rendered":"<p><strong>Tartu Mart Reiniku koolis rakendatakse alates 2017 aastast KiVa programmi.<\/strong><\/p>\n<p>2022\/2023. \u00f5ppeaastal liitus KiVa programmiga terve kool.<\/p>\n<p>KiVa on Soome haridus- ja kultuuriministeeriumi poolt tellitud ning Turu \u00fclikooli teadlaste poolt v\u00e4lja t\u00f6\u00f6tatud koolidele suunatud kiusamise v\u00e4hendamise programm, mida lisaks Soomele kasutatakse juba rohkem kui 20 riigis \u00fcle maailma. KiVa programmi eesm\u00e4rk on kiusamise ennetamine ja kiusujuhtumite t\u00f5hus lahendamine. Programmis osalemisest v\u00f5idavad k\u00f5ik \u00f5pilased, sest KiVa metoodika toetab laste sotsiaal-emotsionaalsete oskuste arengut.<\/p>\n<p>Programm:<\/p>\n<ul>\n<li>aitab lastel \u00f5ppida kiusamist \u00e4ra tundma ning kiusamisjuhtumitele kohaselt reageerima;<\/li>\n<li>sisaldab tegevusi ja juhendeid nii kiusamise ennetamiseks kui ka kiusujuhtumite lahendamiseks;<\/li>\n<li>on \u00fcks s\u00fcstemaatilisemaid maailmas, sisaldades hulgaliselt praktilisi tegevusi ja materjale, sh veebip\u00f5hist \u00f5pet;<\/li>\n<li>haarab kogu koolipere \u2013 tegevustesse on kaasatud nii kooli personal, \u00f5pilased kui ka lapsevanemad;<\/li>\n<li>ei ole \u00fcheaastane projekt, vaid p\u00fcsiv osa kooli kiusamisvastasest t\u00f6\u00f6st.<\/li>\n<\/ul>\n<p><strong>KiVa rakendamine meie koolis<\/strong> t\u00e4hendab, et meie koolis ei ole kiusamine lubatud ega aktsepteeritud. Tegutseme k\u00f5ik koos selle nimel, et kiusamist \u00e4ra hoida ja tekkivaid juhtumeid t\u00f5husalt lahendada. Kiusamise vastases tegevuses osaleb terve koolipere &#8211; \u00f5petajad, tugispetsialistid, koolit\u00f6\u00f6tajad, \u00f5pilased ja lapsevanemad.<\/p>\n<p>Selleks:<\/p>\n<ul>\n<li>viime I, II ja III kooliastmes l\u00e4bi<strong> KiVa tunde<\/strong> ehk 2 korda kuus toimuvaid kohtumisi, kus k\u00e4sitleme kiusamise teemat, kiusamisele vastu seismise p\u00f5him\u00f5tteid ning tegeleme v\u00e4\u00e4rtuskasvatusega laiemalt;<\/li>\n<li>uurime ja lahendame esile kerkinud kiusujuhtumeid \u00f5petajatest ja spetsialistidest koosneva\u00a0<strong>KiVa tiimiga,<\/strong> kes on saanud selleks spetsiaalse v\u00e4lja\u00f5ppe;<\/li>\n<li>levitame koolis kiusuennetuslikke s\u00f5numeid <strong>KiVa plakatite<\/strong> ja erinevate temaatiliste \u00fcrituste vahendusel;<\/li>\n<li>tagame vahetundides korra korrapidaja\u00f5petajate abiga, kes kannavad silmatorkavaid roosasid <strong>KiVa salle<\/strong>;<\/li>\n<li>kutsume lapsevanemaid kaasa m\u00f5tlema ennetuses ja usalduslikule koost\u00f6\u00f6le juhtumite lahendamisel (loe ka KiVa lapsevanemate mini\u00f5pikut).<\/li>\n<\/ul>\n<p>Kui KiVa tiim asub lahendama kiusamisjuhtumit, siis teavitame lapsevanemaid p\u00e4rast vestlust lastega.<\/p>\n<p>Kui kahtlustad kiusamist, palume kindlasti sellest teada anda klassijuhatajale v\u00f5i KiVa-tiimile.<\/p>\n<p>KiVa meeskonna e-post: <strong>kiva@mart.reiniku.edu.ee<\/strong><\/p>\n<p><strong>KiVa meeskonna liikmed:<br \/>\n<\/strong>Krista Bernhardt &#8211; klassi\u00f5petaja<br \/>\nC\u00e4tlin Tuuling &#8211; ps\u00fchholoog<br \/>\nIrmeli Kokmann &#8211; ps\u00fchholoog<br \/>\nTriinu S\u00e4\u00e4lik &#8211; sotsiaalpedagoog<br \/>\nMerle Hunt &#8211; inimese\u00f5petuse \u00f5petaja<br \/>\nIlje Laurikainen &#8211; meditsiini\u00f5de<\/p>\n<p>KiVa programmi ja SA Kiusamisvaba Kool tegemiste kohta saab l\u00e4hemalt lugeda:<\/p>\n<ul>\n<li><a href=\"http:\/\/www.kiusamisvaba.ee\" target=\"_blank\" rel=\"noopener\">www.kiusamisvaba.ee<\/a><\/li>\n<li><a href=\"https:\/\/kiusamisvaba.ee\/kiva-programm\/lapsevanemate-miniopik\/\" target=\"_blank\" rel=\"noopener\">https:\/\/kiusamisvaba.ee\/kiva-programm\/lapsevanemate-miniopik\/<\/a><\/li>\n<li><a href=\"https:\/\/www.facebook.com\/kiusamisvabakool\" target=\"_blank\" rel=\"noopener\">https:\/\/www.facebook.com\/kiusamisvabakool<\/a><\/li>\n<li><a href=\"https:\/\/www.reiniku.edu.ee\/wp-content\/uploads\/2021\/05\/KiVa-opilaskusitluse-teavitus-lapsevanematele.pdf\">KiVa \u00f5pilask\u00fcsitluse teavitus lapsevanematele<\/a><\/li>\n<\/ul>\n<p>&nbsp;<\/p>\n<p>&nbsp;<\/p>\n","protected":false},"excerpt":{"rendered":"<p>Tartu Mart Reiniku koolis rakendatakse alates 2017 aastast KiVa programmi. 2022\/2023. \u00f5ppeaastal liitus KiVa programmiga terve kool. KiVa on Soome haridus- ja kultuuriministeeriumi poolt tellitud ning Turu \u00fclikooli teadlaste poolt v\u00e4lja t\u00f6\u00f6tatud koolidele suunatud kiusamise v\u00e4hendamise programm, mida lisaks Soomele kasutatakse juba rohkem kui 20 riigis \u00fcle maailma. KiVa programmi eesm\u00e4rk on kiusamise ennetamine ja [&hellip;]<\/p>\n","protected":false},"author":2,"featured_media":0,"parent":0,"menu_order":0,"comment_status":"closed","ping_status":"closed","template":"","meta":{"footnotes":""},"class_list":["post-2815","page","type-page","status-publish","hentry"],"_links":{"self":[{"href":"https:\/\/www.reiniku.edu.ee\/index.php\/wp-json\/wp\/v2\/pages\/2815","targetHints":{"allow":["GET"]}}],"collection":[{"href":"https:\/\/www.reiniku.edu.ee\/index.php\/wp-json\/wp\/v2\/pages"}],"about":[{"href":"https:\/\/www.reiniku.edu.ee\/index.php\/wp-json\/wp\/v2\/types\/page"}],"author":[{"embeddable":true,"href":"https:\/\/www.reiniku.edu.ee\/index.php\/wp-json\/wp\/v2\/users\/2"}],"replies":[{"embeddable":true,"href":"https:\/\/www.reiniku.edu.ee\/index.php\/wp-json\/wp\/v2\/comments?post=2815"}],"version-history":[{"count":25,"href":"https:\/\/www.reiniku.edu.ee\/index.php\/wp-json\/wp\/v2\/pages\/2815\/revisions"}],"predecessor-version":[{"id":7700,"href":"https:\/\/www.reiniku.edu.ee\/index.php\/wp-json\/wp\/v2\/pages\/2815\/revisions\/7700"}],"wp:attachment":[{"href":"https:\/\/www.reiniku.edu.ee\/index.php\/wp-json\/wp\/v2\/media?parent=2815"}],"curies":[{"name":"wp","href":"https:\/\/api.w.org\/{rel}","templated":true}]}}