{"id":3900,"date":"2019-11-04T10:09:19","date_gmt":"2019-11-04T08:09:19","guid":{"rendered":"https:\/\/www.reiniku.edu.ee\/?page_id=3900"},"modified":"2022-06-13T06:58:09","modified_gmt":"2022-06-13T03:58:09","slug":"kooli-laul","status":"publish","type":"page","link":"https:\/\/www.reiniku.edu.ee\/index.php\/kooli-laul\/","title":{"rendered":"KOOLI LAUL"},"content":{"rendered":"<p><strong>Kool on alles algus<\/strong><br \/>\ns\u00f5nad Helena Jeret<br \/>\nmeloodia Vesta Voltein<\/p>\n<p>Kool on alles algus.<br \/>\nKool on alles algus.<\/p>\n<p>Kool ei ole lihtsalt hiigelmaja,<br \/>\nsumisev kui mesitaru.<br \/>\nKool on meie kasvataja &#8211;<br \/>\nkasvab laps ja kasvab aru.<\/p>\n<p>2xR: Kool on alles algus.<br \/>\n\u00d5ige pikk on tee veel ees.<br \/>\nL\u00e4bi sajandi on valgus &#8211;<br \/>\nkiir meil valgustanud teel.<\/p>\n<p>Kool on alles algus.<br \/>\nKool on alles algus.<\/p>\n<p>On \u00f5ppimist ja m\u00e4ngu lusti,<br \/>\nmuresid ja kurba tuju.<br \/>\nL\u00f5puks siiski k\u00f5ik l\u00e4eb h\u00e4sti,<br \/>\nkoolist s\u00f5brad kogu eluks!<\/p>\n<p>2xR: Kool on alles algus.<br \/>\n\u00d5ige pikk on tee veel ees.<br \/>\nL\u00e4bi sajandi on valgus &#8211;<br \/>\nkiir meil valgustanud teel.<\/p>\n","protected":false},"excerpt":{"rendered":"<p>Kool on alles algus s\u00f5nad Helena Jeret meloodia Vesta Voltein Kool on alles algus. Kool on alles algus. Kool ei ole lihtsalt hiigelmaja, sumisev kui mesitaru. Kool on meie kasvataja &#8211; kasvab laps ja kasvab aru. 2xR: Kool on alles algus. \u00d5ige pikk on tee veel ees. L\u00e4bi sajandi on valgus &#8211; kiir meil valgustanud [&hellip;]<\/p>\n","protected":false},"author":11,"featured_media":0,"parent":0,"menu_order":0,"comment_status":"closed","ping_status":"closed","template":"","meta":{"footnotes":""},"class_list":["post-3900","page","type-page","status-publish","hentry"],"_links":{"self":[{"href":"https:\/\/www.reiniku.edu.ee\/index.php\/wp-json\/wp\/v2\/pages\/3900","targetHints":{"allow":["GET"]}}],"collection":[{"href":"https:\/\/www.reiniku.edu.ee\/index.php\/wp-json\/wp\/v2\/pages"}],"about":[{"href":"https:\/\/www.reiniku.edu.ee\/index.php\/wp-json\/wp\/v2\/types\/page"}],"author":[{"embeddable":true,"href":"https:\/\/www.reiniku.edu.ee\/index.php\/wp-json\/wp\/v2\/users\/11"}],"replies":[{"embeddable":true,"href":"https:\/\/www.reiniku.edu.ee\/index.php\/wp-json\/wp\/v2\/comments?post=3900"}],"version-history":[{"count":5,"href":"https:\/\/www.reiniku.edu.ee\/index.php\/wp-json\/wp\/v2\/pages\/3900\/revisions"}],"predecessor-version":[{"id":5621,"href":"https:\/\/www.reiniku.edu.ee\/index.php\/wp-json\/wp\/v2\/pages\/3900\/revisions\/5621"}],"wp:attachment":[{"href":"https:\/\/www.reiniku.edu.ee\/index.php\/wp-json\/wp\/v2\/media?parent=3900"}],"curies":[{"name":"wp","href":"https:\/\/api.w.org\/{rel}","templated":true}]}}