{"id":413,"date":"2016-01-07T22:13:53","date_gmt":"2016-01-07T20:13:53","guid":{"rendered":"http:\/\/uus.reiniku.edu.ee\/?page_id=413"},"modified":"2026-03-05T10:23:25","modified_gmt":"2026-03-05T08:23:25","slug":"dokumendid","status":"publish","type":"page","link":"https:\/\/www.reiniku.edu.ee\/index.php\/dokumendid\/","title":{"rendered":"Dokumendid"},"content":{"rendered":"<p><a href=\"https:\/\/www.reiniku.edu.ee\/wp-content\/uploads\/2021\/12\/MRK-arengukava_2022-2026.pdf\" target=\"_blank\" rel=\"noopener noreferrer\">Tartu Mart Reiniku kooli arengukava 2022-2026<\/a><\/p>\n<p><a href=\"https:\/\/www.reiniku.edu.ee\/wp-content\/uploads\/2026\/03\/Mitteformaalse-oppe-arvestamise-kord.pdf\">Mitteformaalse \u00f5ppe arvestamise kord<\/a><\/p>\n<p><a href=\"https:\/\/www.reiniku.edu.ee\/wp-content\/uploads\/2025\/09\/Tartu-Mart-Reiniku-Kooli-pohimaarus.pdf\" target=\"_blank\" rel=\"noopener noreferrer\">P\u00f5him\u00e4\u00e4rus<\/a><\/p>\n<p><a href=\"https:\/\/www.reiniku.edu.ee\/wp-content\/uploads\/2025\/09\/KINNITATUD-direktori-kaskkirjaga.pdf\" target=\"_blank\" rel=\"noopener noreferrer\">T\u00f6\u00f6korralduse reeglid<\/a><a href=\"http:\/\/info.raad.tartu.ee\/webaktid.nsf\/web\/viited\/VOLO2011051200215\"><br \/>\n<\/a><\/p>\n<p><a href=\"http:\/\/www.tartu.ee\/et\/uldhariduskoolid#oppima-asumine\" target=\"_blank\" rel=\"noopener noreferrer\">Elukohaj\u00e4rgse p\u00f5hikooli m\u00e4\u00e4ramine<\/a><a href=\"http:\/\/uus.reiniku.edu.ee\/wp-content\/uploads\/2016\/01\/Vastuvotutingimused_16022012.pdf\" target=\"_blank\" rel=\"noopener noreferrer\"><br \/>\n<\/a><\/p>\n<p><a href=\"https:\/\/www.reiniku.edu.ee\/wp-content\/uploads\/2024\/11\/MRK-turvalisuse-juhend.pdf\">Vaimset ja f\u00fc\u00fcsilist turvalisust ohustavate olukordade ennetamise, neile reageerimise ja lahendamise meetmed<\/a><\/p>\n<p><a href=\"https:\/\/www.reiniku.edu.ee\/wp-content\/uploads\/2023\/02\/Tartu-Mart-Reiniku-Kooli-andmekaitsetingimused.pdf\">Andmekaitsetingimused Tartu Mart Reiniku Koolis<\/a><\/p>\n<p><a href=\"https:\/\/www.reiniku.edu.ee\/wp-content\/uploads\/2025\/01\/MRK-OPPEKAVA-uldosa-2025-30.01.2025.pdf\" target=\"_blank\" rel=\"noopener noreferrer\">\u00d5ppekava \u00fcldosa\u00a0<\/a><\/p>\n<p><a href=\"https:\/\/www.reiniku.edu.ee\/index.php\/ainekavad\/\">\u00d5ppekava<\/a><\/p>\n<p><a href=\"https:\/\/www.reiniku.edu.ee\/wp-content\/uploads\/2025\/03\/Kodukord-30.01.2025.pdf\" target=\"_blank\" rel=\"noopener noreferrer\">Kodukord<\/a><\/p>\n<p><a href=\"https:\/\/www.reiniku.edu.ee\/wp-content\/uploads\/2024\/01\/MRK-akadeemilise-aususe-juhend.pdf\">MRK akadeemilise aususe juhend<\/a><\/p>\n<p><a href=\"https:\/\/www.reiniku.edu.ee\/wp-content\/uploads\/2021\/10\/Juhendatud-e-ope_14.12.2020_kodulehele-okt_21.pdf\" target=\"_blank\" rel=\"noopener noreferrer\">Juhendatud e-\u00f5ppe korraldus Tartu Mart Reiniku Koolis<\/a><\/p>\n<p><a href=\"https:\/\/www.reiniku.edu.ee\/wp-content\/uploads\/2018\/12\/MRK-\u00d5pilaste-tunnustamine-kord.pdf\" target=\"_blank\" rel=\"noopener noreferrer\">MRK \u00f5pilaste tunnustamise kord<\/a><\/p>\n<p><a href=\"https:\/\/www.reiniku.edu.ee\/wp-content\/uploads\/2024\/11\/Opilasete-toetamine-Tartu-Mart-Reiniku-koolis.pdf\" target=\"_blank\" rel=\"noopener\">\u00d5pilasete toetamine Tartu Mart Reiniku koolis<\/a><\/p>\n<p><a href=\"https:\/\/www.reiniku.edu.ee\/wp-content\/uploads\/2025\/10\/Hindamisjuhend-3.pdf\" target=\"_blank\" rel=\"noopener noreferrer\">Hindamisjuhend<\/a><\/p>\n<ul>\n<li>Kehalise kasvatuse hindamisjuhend <a href=\"https:\/\/www.reiniku.edu.ee\/wp-content\/uploads\/2021\/10\/MRK-keh-kasv-hindamisjuhend_2021.pdf\" target=\"_blank\" rel=\"noopener noreferrer\">kehaline kasvatus<\/a><\/li>\n<li>4. klasside mitteeristav hindamine <a href=\"https:\/\/www.reiniku.edu.ee\/wp-content\/uploads\/2023\/09\/ME-hindamine_Kasitoo-ja-Kodundus_4.-kl.pdf\" target=\"_blank\" rel=\"noopener noreferrer\">k\u00e4sit\u00f6\u00f6 ja kodundus<\/a>, <a href=\"https:\/\/www.reiniku.edu.ee\/wp-content\/uploads\/2023\/09\/ME-hindamine_Tehnoloogia_4.-kl.pdf\" target=\"_blank\" rel=\"noopener noreferrer\">tehnoloogia<\/a>, <a href=\"https:\/\/www.reiniku.edu.ee\/wp-content\/uploads\/2023\/09\/ME-hindamine_Kunst-4.-kl.pdf\" target=\"_blank\" rel=\"noopener noreferrer\">kunst<\/a><\/li>\n<\/ul>\n<p><a href=\"https:\/\/www.reiniku.edu.ee\/wp-content\/uploads\/2021\/10\/Opilaste_mojutusvahendid.pdf\" target=\"_blank\" rel=\"noopener noreferrer\">\u00d5pilaste tugi- ja m\u00f5jutusmeetmed<\/a><\/p>\n<p><a href=\"https:\/\/www.reiniku.edu.ee\/wp-content\/uploads\/2024\/11\/Tugimeeskonna-pilt.pdf\" target=\"_blank\" rel=\"noopener\">Tugis\u00fcsteemi rakendamise protsess<\/a><\/p>\n<p><a href=\"https:\/\/www.reiniku.edu.ee\/wp-content\/uploads\/2024\/04\/Loovtoo-Tartu-Mart-Reiniku-Koolis.pdf\" target=\"_blank\" rel=\"noopener\">Loovt\u00f6\u00f6 Tartu Mart Reiniku Koolis<\/a><\/p>\n<p><a href=\"https:\/\/www.reiniku.edu.ee\/wp-content\/uploads\/2025\/10\/Loovtoode-hindamismudelid-Tartu-Mart-Reiniku-koolis_2025.pdf\" target=\"_blank\" rel=\"noopener\">Lisa 1. Loovt\u00f6\u00f6de hindamismudelid Tartu Mart Reiniku koolis<\/a><\/p>\n<p><a href=\"https:\/\/www.reiniku.edu.ee\/wp-content\/uploads\/2024\/01\/Loovtoo_vormistamine.pdf\" target=\"_blank\" rel=\"noopener\">Loovt\u00f6\u00f6 vormistamise \u00fcldn\u00f5uded<\/a><\/p>\n<p><a href=\"https:\/\/www.reiniku.edu.ee\/wp-content\/uploads\/2019\/03\/Juhend-google-docsis-dokumendi-vormistamiseks_PDF.pdf\" target=\"_blank\" rel=\"noopener noreferrer\">Loovt\u00f6\u00f6 vormistamise l\u00fchijuhend Google docsi jaoks<\/a><\/p>\n<p><a href=\"https:\/\/www.reiniku.edu.ee\/wp-content\/uploads\/2019\/03\/Juhend-loovt\u00f6\u00f6-vormistamiseks_MS_wordis.pdf\" target=\"_blank\" rel=\"noopener noreferrer\">Loovt\u00f6\u00f6 vormistamise l\u00fchijuhend MS Wordi jaoks<\/a><\/p>\n<p><a href=\"https:\/\/www.reiniku.edu.ee\/wp-content\/uploads\/2023\/01\/Tartu-Mart-Reiniku-Kooli-raamatukogu-kasutamise-eeskiri-2023.pdf\">Tartu Mart Reiniku Kooli raamatukogu kasutamise eeskiri<\/a><\/p>\n<p><a href=\"https:\/\/www.reiniku.edu.ee\/wp-content\/uploads\/2023\/11\/Taotlus_-oppetoost-puudumine.docx\">Avaldus-\u00f5ppet\u00f6\u00f6st puudumine<\/a><\/p>\n<p><a href=\"https:\/\/www.reiniku.edu.ee\/wp-content\/uploads\/2022\/10\/Avaldus_pilliope.pdf\" target=\"_blank\" rel=\"noopener noreferrer\">Avaldus- pilli\u00f5pe<\/a><\/p>\n<p><a href=\"https:\/\/www.reiniku.edu.ee\/wp-content\/uploads\/2020\/03\/Avaldus_\u00f5pilaspilet.pdf\" target=\"_blank\" rel=\"noopener noreferrer\">Avaldus &#8211; \u00f5pilaspilet<\/a><\/p>\n<p><a href=\"https:\/\/www.reiniku.edu.ee\/wp-content\/uploads\/2024\/02\/Avaldus_koolilouna.pdf\">Avaldus- koolil\u00f5una<\/a><\/p>\n<p><a href=\"https:\/\/www.reiniku.edu.ee\/wp-content\/uploads\/2024\/12\/Koduoppe-avaldus.pdf\">Avaldus &#8211; kodu\u00f5ppe vorm<\/a><\/p>\n","protected":false},"excerpt":{"rendered":"<p>Tartu Mart Reiniku kooli arengukava 2022-2026 Mitteformaalse \u00f5ppe arvestamise kord P\u00f5him\u00e4\u00e4rus T\u00f6\u00f6korralduse reeglid Elukohaj\u00e4rgse p\u00f5hikooli m\u00e4\u00e4ramine Vaimset ja f\u00fc\u00fcsilist turvalisust ohustavate olukordade ennetamise, neile reageerimise ja lahendamise meetmed Andmekaitsetingimused Tartu Mart Reiniku Koolis \u00d5ppekava \u00fcldosa\u00a0 \u00d5ppekava Kodukord MRK akadeemilise aususe juhend Juhendatud e-\u00f5ppe korraldus Tartu Mart Reiniku Koolis MRK \u00f5pilaste tunnustamise kord \u00d5pilasete toetamine Tartu [&hellip;]<\/p>\n","protected":false},"author":2,"featured_media":0,"parent":0,"menu_order":0,"comment_status":"closed","ping_status":"closed","template":"","meta":{"footnotes":""},"class_list":["post-413","page","type-page","status-publish","hentry"],"_links":{"self":[{"href":"https:\/\/www.reiniku.edu.ee\/index.php\/wp-json\/wp\/v2\/pages\/413","targetHints":{"allow":["GET"]}}],"collection":[{"href":"https:\/\/www.reiniku.edu.ee\/index.php\/wp-json\/wp\/v2\/pages"}],"about":[{"href":"https:\/\/www.reiniku.edu.ee\/index.php\/wp-json\/wp\/v2\/types\/page"}],"author":[{"embeddable":true,"href":"https:\/\/www.reiniku.edu.ee\/index.php\/wp-json\/wp\/v2\/users\/2"}],"replies":[{"embeddable":true,"href":"https:\/\/www.reiniku.edu.ee\/index.php\/wp-json\/wp\/v2\/comments?post=413"}],"version-history":[{"count":110,"href":"https:\/\/www.reiniku.edu.ee\/index.php\/wp-json\/wp\/v2\/pages\/413\/revisions"}],"predecessor-version":[{"id":7995,"href":"https:\/\/www.reiniku.edu.ee\/index.php\/wp-json\/wp\/v2\/pages\/413\/revisions\/7995"}],"wp:attachment":[{"href":"https:\/\/www.reiniku.edu.ee\/index.php\/wp-json\/wp\/v2\/media?parent=413"}],"curies":[{"name":"wp","href":"https:\/\/api.w.org\/{rel}","templated":true}]}}