{"id":7187,"date":"2024-12-03T13:02:08","date_gmt":"2024-12-03T11:02:08","guid":{"rendered":"https:\/\/www.reiniku.edu.ee\/?page_id=7187"},"modified":"2024-12-03T14:38:33","modified_gmt":"2024-12-03T12:38:33","slug":"kooli-podcast-taskusumin","status":"publish","type":"page","link":"https:\/\/www.reiniku.edu.ee\/index.php\/kooli-podcast-taskusumin\/","title":{"rendered":"KOOLI PODCAST &#8220;TASKUSUMIN&#8221;"},"content":{"rendered":"<p>Kutsume k\u00f5iki kuulama meie kooli podcasti &#8220;Taskusumin&#8221;!<\/p>\n<p>Podcasti tegemine sai alguse 2023\/2024 \u00f5ppeaastal Helena Umbleja ja<br \/>\nMirjam M\u00e4e 8. klassi loovt\u00f6\u00f6 raames.<\/p>\n<p>K\u00f5ik &#8220;Taskusumina&#8221; episoodid on kuulamiseks \u00fcleval siin:<\/p>\n<p><a href=\"https:\/\/open.spotify.com\/show\/05E4clETBQMgskgaG6T5mg?fbclid=IwAR0lpjBvJ4QZgagx_rqc7Zh3dugGUp7ctTZTILg5K7yUuza-MnUjoCaOCbw\" target=\"_blank\" rel=\"noopener noreferrer\" data-saferedirecturl=\"https:\/\/www.google.com\/url?q=https:\/\/open.spotify.com\/show\/05E4clETBQMgskgaG6T5mg?fbclid%3DIwAR0lpjBvJ4QZgagx_rqc7Zh3dugGUp7ctTZTILg5K7yUuza-MnUjoCaOCbw&amp;source=gmail&amp;ust=1733306016135000&amp;usg=AOvVaw2Ff9sJsT0fu33rq9xKvf9_\">https:\/\/open.spotify.com\/show\/<wbr \/>05E4clETBQMgskgaG6T5mg?fbclid=<wbr \/>IwAR0lpjBvJ4QZgagx_rqc7Zh3dugG<wbr \/>Up7ctTZTILg5K7yUuza-<wbr \/>MnUjoCaOCbw<\/a><\/p>\n<p>P\u00f5nevat kuulamist!<\/p>\n<p>03.11.2024<\/p>\n","protected":false},"excerpt":{"rendered":"<p>Kutsume k\u00f5iki kuulama meie kooli podcasti &#8220;Taskusumin&#8221;! Podcasti tegemine sai alguse 2023\/2024 \u00f5ppeaastal Helena Umbleja ja Mirjam M\u00e4e 8. klassi loovt\u00f6\u00f6 raames. K\u00f5ik &#8220;Taskusumina&#8221; episoodid on kuulamiseks \u00fcleval siin: https:\/\/open.spotify.com\/show\/05E4clETBQMgskgaG6T5mg?fbclid=IwAR0lpjBvJ4QZgagx_rqc7Zh3dugGUp7ctTZTILg5K7yUuza-MnUjoCaOCbw P\u00f5nevat kuulamist! 03.11.2024<\/p>\n","protected":false},"author":11,"featured_media":0,"parent":0,"menu_order":0,"comment_status":"closed","ping_status":"closed","template":"","meta":{"footnotes":""},"class_list":["post-7187","page","type-page","status-publish","hentry"],"_links":{"self":[{"href":"https:\/\/www.reiniku.edu.ee\/index.php\/wp-json\/wp\/v2\/pages\/7187","targetHints":{"allow":["GET"]}}],"collection":[{"href":"https:\/\/www.reiniku.edu.ee\/index.php\/wp-json\/wp\/v2\/pages"}],"about":[{"href":"https:\/\/www.reiniku.edu.ee\/index.php\/wp-json\/wp\/v2\/types\/page"}],"author":[{"embeddable":true,"href":"https:\/\/www.reiniku.edu.ee\/index.php\/wp-json\/wp\/v2\/users\/11"}],"replies":[{"embeddable":true,"href":"https:\/\/www.reiniku.edu.ee\/index.php\/wp-json\/wp\/v2\/comments?post=7187"}],"version-history":[{"count":2,"href":"https:\/\/www.reiniku.edu.ee\/index.php\/wp-json\/wp\/v2\/pages\/7187\/revisions"}],"predecessor-version":[{"id":7190,"href":"https:\/\/www.reiniku.edu.ee\/index.php\/wp-json\/wp\/v2\/pages\/7187\/revisions\/7190"}],"wp:attachment":[{"href":"https:\/\/www.reiniku.edu.ee\/index.php\/wp-json\/wp\/v2\/media?parent=7187"}],"curies":[{"name":"wp","href":"https:\/\/api.w.org\/{rel}","templated":true}]}}